 - -65?
-434
In base 11, what is 3305 + -19?
3297
In base 13, what is 10 - -11153?
11163
In base 3, what is 10 + 212210200200?
212210200210
In base 3, what is -110212 + 110100?
-112
In base 13, what is -25cc - 77?
-2676
In base 12, what is -2497 + 154?
-2343
In base 4, what is -111311330 - -10?
-111311320
In base 4, what is -12202 + -1002?
-13210
In base 10, what is 28 - -331?
359
In base 9, what is -35 + -257?
-303
In base 14, what is -d - 93a90?
-93a9d
In base 11, what is -2902 + -632?
-3434
In base 11, what is -a24a + -2?
-a251
In base 6, what is 0 + 30014?
30014
In base 13, what is -57 - 47?
-a1
In base 11, what is -98 - -101?
14
In base 11, what is 482234 + 2?
482236
In base 4, what is -303003 + -102?
-303111
In base 15, what is 147 - cc7?
-b80
In base 7, what is 2 + 55430?
55432
In base 4, what is 1020 + 13313?
20333
In base 6, what is 1 + -23504412?
-23504411
In base 9, what is -181153 + 3?
-181150
In base 8, what is -753 + -447?
-1422
In base 10, what is 17476 - -5?
17481
In base 10, what is -68534 + 5?
-68529
In base 9, what is -186565 - 4?
-186570
In base 2, what is -1 - -10011010000001111?
10011010000001110
In base 11, what is 0 - 1618?
-1618
In base 15, what is 5 - -c648b?
c6491
In base 9, what is -10 + 554?
544
In base 12, what is -16 + 22?
8
In base 14, what is 38b8 + -27?
3891
In base 5, what is -33 - -21041321?
21041233
In base 15, what is -358116 - -4?
-358112
In base 12, what is -4 - -a02a3?
a029b
In base 9, what is -441 - 16?
-457
In base 9, what is -1677 + -67?
-1755
In base 7, what is 6 + -502530?
-502521
In base 12, what is -3 + -7b42?
-7b45
In base 16, what is -816 - -1?
-815
In base 9, what is 0 - 4175?
-4175
In base 6, what is -5 - -30102?
30053
In base 14, what is -24b4 - -a?
-24a8
In base 3, what is 1221 + 121000?
122221
In base 5, what is -3 + 13432221?
13432213
In base 7, what is -35 - 5152?
-5220
In base 15, what is -656c + 5?
-6567
In base 14, what is 3 + -44b?
-448
In base 15, what is 103 + 265?
368
In base 3, what is -10101111022 + -12?
-10101111111
In base 11, what is -136 + 421?
296
In base 3, what is 1000121222012 - 0?
1000121222012
In base 5, what is 3122 + -134114?
-130442
In base 12, what is -13b30 + -7?
-13b37
In base 4, what is -3101230 + -2?
-3101232
In base 16, what is c - 2594?
-2588
In base 10, what is -2371 + -1?
-2372
In base 3, what is 101001122 + 101?
101002000
In base 10, what is -5 - 25450?
-25455
In base 8, what is -13 - 6202?
-6215
In base 7, what is 30346 + -156?
30160
In base 10, what is -4 + 56068?
56064
In base 2, what is 11101001 - -110110110?
1010011111
In base 13, what is 60 + -167?
-107
In base 5, what is -4021 - 31?
-4102
In base 3, what is -122 + -20021?
-20220
In base 8, what is -2 - -1213?
1211
In base 13, what is 1 - -72cc?
7300
In base 11, what is 586a - -8?
5877
In base 15, what is -53 + -217?
-26a
In base 3, what is 110010020 - 10011?
110000002
In base 9, what is -28 - 3755?
-3784
In base 15, what is -bdc3 + -4?
-bdc7
In base 2, what is 101 + -101101010?
-101100101
In base 15, what is 28 + -335a?
-3332
In base 6, what is -13125421 - -5?
-13125412
In base 9, what is 253 - -1637?
2001
In base 11, what is 64 + -9?
56
In base 2, what is -100101001 + -101001100?
-1001110101
In base 5, what is -4 - 302132?
-302141
In base 6, what is -1155125 + 4?
-1155121
In base 5, what is -202334213 + 3?
-202334210
In base 9, what is 4 - 47640?
-47635
In base 6, what is -11143 - -3?
-11140
In base 5, what is 330 - -23241?
24121
In base 3, what is 11 + 1001102002120?
1001102002201
In base 8, what is 1 + 1245747?
1245750
In base 13, what is -7 - 16b93?
-16b9a
In base 9, what is -60080 - 2?
-60082
In base 4, what is -32330 + -2123?
-101113
In base 7, what is 2541211 - 0?
2541211
In base 4, what is -1020312302 - -111?
-1020312131
In base 7, what is -3321 + 2505?
-513
In base 7, what is -5 + -4166331?
-4166336
In base 15, what is 8745b - 1?
8745a
In base 7, what is -15164 + 32?
-15132
In base 6, what is -350252 - -13?
-350235
In base 3, what is 1021212 - 2210?
1012002
In base 11, what is -32150 + -17?
-32167
In base 6, what is 11304 + 112?
11420
In base 8, what is 31555 + 4?
31561
In base 7, what is -55 + 4225?
4140
In base 14, what is 185 + -57b?
-3d6
In base 2, what is 11100100110 + -110011?
11011110011
In base 7, what is 6011 + 15?
6026
In base 16, what is 324 + 496?
7ba
In base 2, what is 10100001101010 + -101?
10100001100101
In base 16, what is -ca12 + -5?
-ca17
In base 7, what is 461 - -610?
1401
In base 3, what is -10120121 + 11?
-10120110
In base 14, what is 0 + -a3804?
-a3804
In base 15, what is 9a74 + c?
9a81
In base 8, what is 3 + -1174152?
-1174147
In base 3, what is -22011 + 212010?
112222
In base 10, what is 3 + -74324?
-74321
In base 4, what is -213321 - -10?
-213311
In base 14, what is 65 - -3d87?
400c
In base 14, what is -1b94c4 - 3?
-1b94c7
In base 7, what is 622606 - -23?
622632
In base 4, what is 3232001130 + -1?
3232001123
In base 13, what is 724 + 11?
735
In base 9, what is 737 - -24?
762
In base 5, what is 41143 - -1414?
43112
In base 12, what is -6 + 191a?
1914
In base 13, what is -590 - 9?
-599
In base 7, what is 0 - 16255?
-16255
In base 5, what is 124301 + -120?
124131
In base 2, what is -111001110101110 + 1110?
-111001110100000
In base 10, what is -22224 + 42?
-22182
In base 16, what is b8 + 343f?
34f7
In base 2, what is 100111010111011010 - 1011?
100111010111001111
In base 8, what is -3475327 - 0?
-3475327
In base 9, what is -6 + -222626?
-222633
In base 3, what is 2 + -12221022111?
-12221022102
In base 10, what is 1131 - 1010?
121
In base 3, what is -100 - 10221100210?
-10221101010
In base 15, what is -c66b4 + -5?
-c66b9
In base 4, what is -3033 + -3?
-3102
In base 7, what is 3 + -30101?
-30065
In base 16, what is def3b + 4?
def3f
In base 13, what is 47a - -519?
996
In base 10, what is 3 - 1038110?
-1038107
In base 16, what is -6ea + 1f?
-6cb
In base 6, what is 12314 - -54?
12412
In base 9, what is 142660 + 3?
142663
In base 2, what is 10011100111001111 - -1?
10011100111010000
In base 8, what is 2363 + -5?
2356
In base 15, what is 418a2 - -1?
418a3
In base 4, what is -11320102 - 33?
-11320201
In base 10, what is -3 - 146698?
-146701
In base 10, what is 5 - -5465?
5470
In base 16, what is -257 + -848?
-a9f
In base 15, what is 4 + 2503?
2507
In base 16, what is 156 + -55?
101
In base 4, what is -323002230 - 33?
-323002323
In base 13, what is 432 + 1?
433
In base 2, what is 101000100001 + -10010?
101000001111
In base 14, what is 8 - -20580?
20588
In base 10, what is -1312 + 7?
-1305
In base 13, what is -22 - 2160?
-2182
In base 11, what is 167 + 180?
337
In base 11, what is 1107015 - 0?
1107015
In base 7, what is -664 + 213?
-451
In base 5, what is -243 + -12123?
-12421
In base 6, what is -4 + 411434?
411430
In base 10, what is -1 - 359?
-360
In base 3, what is 1 - -10021?
10022
In base 8, what is -551262 + 0?
-551262
In base 12, what is b2b232 - -3?
b2b235
In base 10, what is -744 + 4?
-740
In base 4, what is 0 - 12123222?
-12123222
In base 10, what is 36145 - 17?
36128
In base 15, what is -19 - 2d9a0?
-2d9b9
In base 6, what is -140 - -4121?
3541
In base 12, what is -8027ba - 5?
-802803
In base 13, what is -4189 - 5?
-4191
In base 15, what is -2 + 564bc?
564ba
In base 9, what is -114 - 2644?
-2758
In base 12, what is 3ab059 + -3?
3ab056
In base 9, what is -5361 + 1715?
-3545
In base 3, what is 1000220121 + 11?
1000220202
In base 10, what is -5 + 267161?
267156
In base 7, what is 64 + 110405?
110502
In base 3, what is -221021200 - -10100?
-221011100
In base 4, what is 11 - -212032112?
212032123
In base 8, what is 143 - -53?
216
In base 4, what is 1 + -1010100?
-1010033
In base 9, what is 473 + 1225?
1708
In base 15, what is 3 - 10008?
-10005
In base 14, what is 5 + -1db2a7?
-1db2a2
In base 9, what is -1032 + -11?
-1043
In base 2, what is -11 + -110000100010?
-110000100101
In base 3, what is -1 - -1120200111?
1120200110
In base 4, what is -2 - -13002212?
13002210
In base 14, what is 2372b - -5?
23732
In base 7, what is 3 + -234520?
-234514
In base 7, what is -5320113 + 0?
-5320113
In base 16, what is -2cf8 - 7?
-2cff
In base 9, what is 20544 - 5?
20538
In base 7, what is -521 - -10311?
6460
In base 8, what is -2111036 - 2?
-2111040
In base 6, what is 11 + 2254142?
225415